 l(o) = -7*o - 1. Let s be (-4 + 1)/3*1. Let t be l(s). Let w(d) = -d + 8. Determine w(t).
2
Let m(p) = 8 - 3*p - 8. Let s be (-9)/(-6) + 50/(-20). What is m(s)?
3
Let s(h) = 6*h**2 + 15*h + 11. Suppose -i = 7*k - 3*k - 27, 67 = 5*i + 3*k. Let a(y) = -3*y**2 - 8*y - 6. Let p(b) = i*a(b) + 6*s(b). Give p(-2).
8
Let a(l) = -8*l**2 + 4*l + 1. Let d(g) = -7*g**2 + 4*g + 1. Let r(f) = -6*a(f) + 7*d(f). Let w(h) = h**3 - h**2 + 5. Let i be w(0). Calculate r(i).
-4
Let g(v) = v**2 + 4*v - 2. Let u(i) = -5*i**2 - 15*i + 7. Let r(y) = -9*g(y) - 2*u(y). Suppose 6*m - m = 4*q + 38, 0 = -5*m - 3*q + 24. Determine r(m).
4
Suppose -3*w + 10 = -2*l, -w - 10 = -3*w + 3*l. Let f(s) be the second derivative of -s**5/20 + s**4/12 - s**3/3 + 3*s**2/2 + 11*s. Determine f(w).
-5
Let b(q) = 2*q + 1. Let y(x) = x - 1. Let m(g) = b(g) - y(g). Let r be (4 - 0)/((-14)/14). Let f = -10 - r. Give m(f).
-4
Let j(v) = v - 4. Let q be j(6). Let x(o) = 7*o - 3*o - 2 - o**q + o. Let i = 1 - -1. What is x(i)?
4
Let n(o) = 7*o**3 - 3*o**2 - 7*o - 4. Let b be n(-1). Let s(i) = -i**2 - 6*i + 7. What is s(b)?
0
Let d(a) = -a**3 - 3*a**2 + 3*a - 3. Suppose 8 = -n - n. Let c be d(n). Let v(h) = -2 + 3*h + 4*h + 1. What is v(c)?
6
Let q(v) be the third derivative of -v**4/24 + 2*v**3/3 + 3*v**2. Determine q(3).
1
Suppose 0*d = -d. Suppose h = -d + 1. Let i(y) = -y**2 - 1. Let w(x) = -2*x**2 - x + 2. Let j(l) = 2*i(l) + w(l). What is j(h)?
-5
Let r(n) = n**3 - 6*n**2 + 2. Let a be 3 - -3*(3 + -2). Calculate r(a).
2
Suppose -10 = -2*q - 0, -q - 19 = 3*x. Let n(v) = -v**2 - 8*v + 7. Calculate n(x).
7
Let s(x) = 3*x**2 - x + 9. Let n(u) = 5*u**2 - u + 18. Let z(g) = 2*n(g) - 5*s(g). Let m(v) = -14*v**2 + 10*v - 27. Let a(d) = 4*m(d) - 11*z(d). Give a(6).
-3
Let v(n) = -n**3 + 7*n**2 - 8*n - 4. Let m be v(5). Let h(b) = -b**3 + 5*b**2 + 4*b - 6. Determine h(m).
-18
Let l = 2 - -1. Let d(b) = -2*b**2 - b**l + 0*b**3 + b**2 - 3*b**3. Give d(-1).
3
Let s(o) = 2*o - 6. Let n(u) = u. Let c be n(3). Suppose 0 = -c*b - 6 + 18. Give s(b).
2
Let g be (2*1/5)/((-4)/(-5)). Let f(a) be the first derivative of 0*a**3 - 1 + a - g*a**2 + 1/2*a**4. Calculate f(1).
2
Let f(h) = -h**3 - h**2 + h + 1. Let g(c) = -6*c**2 + 6*c - 2. Let t(n) = f(n) - g(n). Suppose 0 = -4*m - 32 + 48. Calculate t(m).
-1
Let d(x) be the first derivative of -x**5/20 + x**4/8 - 5*x**2/2 - 2. Let n(b) be the second derivative of d(b). What is n(2)?
-6
Suppose 4 = -v + 3*v, -p + 2*v - 5 = 0. Let f(j) = -j - 1. Let d(u) = -10*u - 12. Let l(n) = p*d(n) + 12*f(n). Determine l(-2).
4
Suppose -15*w + 14*w + 3 = 0. Let a(g) = -4*g - 1. Let v(q) = 1. Let s(z) = a(z) + 4*v(z). Give s(w).
-9
Let l(q) = 4*q - 1. Let t(p) = p + 5. Let n be t(-3). Give l(n).
7
Let o(q) = q**2 + 8*q + 4. Suppose -4*a + 2*v = 4*v + 20, 0 = 2*a - 2*v + 22. What is o(a)?
-3
Let w(p) be the first derivative of p**2/2 - p + 1. Suppose -3*u = 5*v + 12, -3*u + 4*v + 16 = u. Determine w(u).
0
Let b = -20 + 16. Let m(h) = 2*h - 3. Give m(b).
-11
Let x(l) = 9*l**3 - 3*l**2 - l + 2. Let y be x(-1). Let p(d) = d**3 + 8*d**2 - 9*d - 5. Calculate p(y).
-5
Let n be (-2)/9 - 76/(-18). Let g(k) = -n*k + 2*k + 5*k - 5*k + 6. Calculate g(4).
-2
Suppose 2*r = -3*i - 58, 5*r = i + 3*r + 22. Let j = -17 - i. Let y(s) = -s**3 + 5*s**2 - 3*s - 4. Calculate y(j).
5
Suppose -5*q - 1 = 24. Let s(t) = t**2 + 7*t + 3. Calculate s(q).
-7
Let f = 10 - 15. Let h(i) = -i**2 - 5*i - 5. What is h(f)?
-5
Let b be (-2)/(-2)*(-1 + -5) - 0. Let i(t) = -t**2 - 6*t + 4. Calculate i(b).
4
Let x(y) = y + 1. Let r(g) = 2*g**2 - 2*g - 3. Let f(z) = -r(z) - 6*x(z). Determine f(-2).
-3
Let j(w) = 2*w**3 - 3*w**2 - 3*w - 4. Let c = 20 + -17. Give j(c).
14
Let v(c) be the second derivative of -c**5/4 + c**3/3 + c**2/2 + 2*c. Let q be v(-1). Let p(z) = -9 + 5*z - q*z + 0*z**2 + z**2. Calculate p(0).
-9
Let v(w) = w**3 - 2*w**2 - 3*w + 2. Let g be v(3). Let s be 2 + (g/1 - 0). Let a(p) be the third derivative of -p**4/12 + p**3/2 + p**2. Determine a(s).
-5
Let h(n) = 0*n - n**2 - 2 - 4*n + 2*n**2. Let d be (-8)/10*15/(-6). Suppose -d*g + g = -3. Give h(g).
-5
Let n(y) = -3*y**2 + 12*y + 9. Let m be n(5). Let j(v) = v**2 + 8*v + 2. What is j(m)?
-10
Let z(x) = -2*x**2 + 3*x + 4. Let t(a) = a**3 + 8*a**2 + 7*a + 3. Suppose 18 = -2*u + 4. Let p be t(u). Calculate z(p).
-5
Suppose -16 - 12 = -7*j. Let i(b) be the third derivative of 0*b + 1/20*b**5 + 1/60*b**6 + 1/24*b**j + 0 + 0*b**3 - b**2. Determine i(-2).
-6
Let o(h) = -h**3 + h**2. Let y(b) = 2*b**3 - 2*b**2 + 3. Let n(q) = q**2 + 5*q - 1. Let s be n(-5). Let z(l) = s*y(l) - 3*o(l). What is z(0)?
-3
Let w(k) be the first derivative of k**3 + k**2/2 + 2. Let u be w(-1). Let t(f) = u*f + 7*f**2 - 3 - 2*f**2 + 2 - f**3 - 1. Determine t(5).
8
Let n(z) be the first derivative of z**3/3 + z**2/2 - 3*z - 16. Calculate n(3).
9
Let z(r) be the third derivative of r**6/120 + r**5/15 - 7*r**4/24 - 5*r**3/6 - 21*r**2. Calculate z(-5).
5
Let f(b) = -3*b**3 - b**2 + 2*b - 6. Let x(l) = -7*l**3 - l**2 + 4*l - 13. Let a(v) = 5*f(v) - 2*x(v). Determine a(-3).
-10
Let g = -1 + -1. Let x(j) = -3*j - 7. Let i(w) = -4*w - 10. Let h(b) = 2*i(b) - 3*x(b). Calculate h(g).
-1
Let w(c) = c**2 - c - 1. Let l be w(-1). Let n be -2 - (-2 + -2)/2. Let g(u) = 4 + n - u - l. Determine g(-5).
8
Let l(o) = 1 + 4*o**2 + 3*o**2 + 3*o**2. Suppose 0*k - k + v = 1, -8 = -4*v. Determine l(k).
11
Let v(k) = -k - 2. Let m(t) = 2*t**2 - 3*t - 4. Let u = 32 + -11. Suppose -2*w = 4*d - 5*w - u, w + 3 = 0. Let b be m(d). Determine v(b).
-7
Let u(x) = 7*x - 8. Let h(s) be the second derivative of 7*s**3/6 - 7*s**2/2 + s. Suppose d - 6 + 0 = 0. Let o(v) = d*u(v) - 7*h(v). Determine o(-1).
8
Let y(x) = -x**2 - 6*x - 13. Let c(f) = 1. Let o(p) = 6*c(p) + y(p). What is o(-5)?
-2
Let c(h) be the second derivative of h**4/12 - h**2/2 + h. Suppose -2 - 8 = 5*z. What is c(z)?
3
Let n be 25/(-15) + 4/(-12). Let b(u) be the first derivative of -u**2 + 1 + u**3 - 2*u + 1/4*u**4. Determine b(n).
6
Let a(l) = -l**3 - 7 + 2*l + 3*l + 7*l**2 - 7*l + 15. Give a(7).
-6
Let m(d) = 2*d - d + 9 + 9 - 27. What is m(5)?
-4
Let k(j) = 2*j**2 - 3. Let g(i) = 4*i**2 - i - 6. Let a(b) = 3*g(b) - 5*k(b). Calculate a(4).
17
Let i(b) = b**3 - 5*b**2 - 7*b + 9. Let w be 66/12 + (-5)/(-10). Calculate i(w).
3
Suppose 0 = 18*b - 16*b - 6. Suppose -b*v - 2*v = -10. Let m(k) = k**3 - 3*k**2 + 2*k + 1. Give m(v).
1
Let a(q) = -5*q - 8. Let c = -11 + 18. Let l(x) = 2*x + 4. Let b(k) = c*l(k) + 3*a(k). Suppose 0 = 3*z - 4*w - 20, 0 = -5*z + 5*w + 52 - 22. Calculate b(z).
0
Let d be (-2 + 1)/((-6)/24). Suppose 3*j = 4*r - j + 20, -d*r - 2*j = -4. Let h(z) = 2*z - 9*z**3 + 0*z**2 + 1 + 5*z**3 + z**2. What is h(r)?
4
Let j(o) = -o**3 + 3*o**2 + 4*o - 6. Suppose 6*r - r = 20. Give j(r).
-6
Let f(y) = -y**3 - 6*y**2 - 5*y + 1. Suppose -4*m + s + 6 = -19, 0 = -m + 3*s + 9. Let v(l) = l**2 - 7*l + 1. Let d be v(m). What is f(d)?
1
Suppose -9*f + 16 = -13*f. Let i(x) = x**2 + 6*x - 5. Calculate i(f).
-13
Let u(a) be the second derivative of a**3/6 + 3*a**2/2 + 11*a. Calculate u(0).
3
Let d(c) be the first derivative of 1/2*c**2 + 4 - 9*c. Calculate d(4).
-5
Suppose -14 = -4*m - 2*x, 2*x + 6 = -4. Let d(i) = -i**2 + 7 - 3 - 4 - 4 + 7*i. What is d(m)?
2
Let y(a) = 3*a. Suppose -21*b + 120 = -b. Determine y(b).
18
Let g(y) = -2*y**3 - 4*y**2 - 2*y + 1. Let j be g(-2). Suppose -j = 5*w - 0. Let f(s) = s**3 + 0*s**3 + 2*s**2 + s + 0*s**3. Determine f(w).
0
Let y = -10 + 5. Let q(v) = v + 5. What is q(y)?
0
Suppose 3*f - 18 = -3. Let j = 5 + -2. Let k(y) = 3*y - f + 0 + j*y**2 + y**3 - 7*y**2. What is k(4)?
7
Let j(h) = -3*h - 7. Let m be 0 + (-29)/6 - 4/24. What is j(m)?
8
Let x(f) = 6*f**2 + f + 4. Let l(h) = -5*h**2 - h - 4. Let t(i) = -7*l(i) - 6*x(i). Suppose -2*d = -0*d. Determine t(d).
4
Let h(v) = -5*v**2 + 4. Let r(n) = 6*n**2 - 5. Let g be ((-2)/(-4))/(3/24). Let o(i) = g*r(i) + 5*h(i). Calculate o(2).
-4
Let w(l) = 2*l + 2. Suppose -3*q = 5 + 1. Let b = -7 - q. Give w(b).
-8
Suppose 2*m + 4 = 6*m. Let b(s) = -16*s**2 + 2*s - 1. What is b(m)?
-15
Let n(t) = -6*t**2 + t. Let g(o) = 11*o + 26. Let p(d) = 4*d + 9. Let w(i) = 3*g(i) - 8*p(i). Let v be w(-5). Calculate n(v).
-5
Let b be 1*(-2)/(-6)*-3. Let q(x) = 3*x**3 + 2*x + 1. Let o be q(b). Le